{"id":5055,"date":"2024-09-24T00:40:02","date_gmt":"2024-09-24T00:40:02","guid":{"rendered":"https:\/\/workingdrone.com\/fi-stage\/turvallisuuslausunto\/"},"modified":"2024-11-01T07:41:35","modified_gmt":"2024-11-01T07:41:35","slug":"turvallisuuslausunto","status":"publish","type":"page","link":"https:\/\/ktvworkingdrone.com\/fi-staging\/turvallisuuslausunto\/","title":{"rendered":"Turvallisuuslausunto"},"content":{"rendered":"\t\t<div data-elementor-type=\"wp-page\" data-elementor-id=\"5055\" class=\"elementor elementor-5055 elementor-3753\" data-elementor-post-type=\"page\">\n\t\t\t\t\t\t<section class=\"elementor-section elementor-top-section elementor-element elementor-element-4605dc0e elementor-section-full_width elementor-section-height-min-height elementor-section-content-middle elementor-section-height-default elementor-section-items-middle\" data-id=\"4605dc0e\" data-element_type=\"section\" data-e-type=\"section\" data-settings=\"{&quot;background_background&quot;:&quot;classic&quot;}\">\n\t\t\t\t\t\t<div class=\"elementor-container elementor-column-gap-default\">\n\t\t\t\t\t<div class=\"elementor-column elementor-col-100 elementor-top-column elementor-element elementor-element-7cef28f5 elementor-hidden-tablet elementor-hidden-mobile\" data-id=\"7cef28f5\" data-element_type=\"column\" data-e-type=\"column\">\n\t\t\t<div class=\"elementor-widget-wrap elementor-element-populated\">\n\t\t\t\t\t\t<div class=\"elementor-element elementor-element-60a76887 elementor--h-position-left elementor--v-position-bottom elementor-arrows-position-inside elementor-pagination-position-inside elementor-widget elementor-widget-slides\" data-id=\"60a76887\" data-element_type=\"widget\" data-e-type=\"widget\" data-settings=\"{&quot;navigation&quot;:&quot;both&quot;,&quot;autoplay&quot;:&quot;yes&quot;,&quot;pause_on_hover&quot;:&quot;yes&quot;,&quot;pause_on_interaction&quot;:&quot;yes&quot;,&quot;autoplay_speed&quot;:5000,&quot;infinite&quot;:&quot;yes&quot;,&quot;transition&quot;:&quot;slide&quot;,&quot;transition_speed&quot;:500}\" data-widget_type=\"slides.default\">\n\t\t\t\t<div class=\"elementor-widget-container\">\n\t\t\t\t\t\t\t\t\t<div class=\"elementor-swiper\">\n\t\t\t\t\t<div class=\"elementor-slides-wrapper elementor-main-swiper swiper\" role=\"region\" aria-roledescription=\"carousel\" aria-label=\"Slides\" dir=\"ltr\" data-animation=\"fadeInUp\">\n\t\t\t\t<div class=\"swiper-wrapper elementor-slides\">\n\t\t\t\t\t\t\t\t\t\t<div class=\"elementor-repeater-item-d5f3bf9 swiper-slide\" role=\"group\" aria-roledescription=\"slide\"><div class=\"swiper-slide-bg elementor-ken-burns elementor-ken-burns--in\" role=\"img\" aria-label=\"ktvflag.jpg\"><\/div><div class=\"elementor-background-overlay\"><\/div><div class=\"swiper-slide-inner\" ><div class=\"swiper-slide-contents\"><\/div><\/div><\/div>\t\t\t\t<\/div>\n\t\t\t\t\t\t\t<\/div>\n\t\t\t\t<\/div>\n\t\t\t\t\t\t\t\t<\/div>\n\t\t\t\t<\/div>\n\t\t\t\t\t<\/div>\n\t\t<\/div>\n\t\t\t\t\t<\/div>\n\t\t<\/section>\n\t\t\t\t<section class=\"elementor-section elementor-top-section elementor-element elementor-element-fc379b4 elementor-section-boxed elementor-section-height-default elementor-section-height-default\" data-id=\"fc379b4\" data-element_type=\"section\" data-e-type=\"section\" data-settings=\"{&quot;background_background&quot;:&quot;classic&quot;}\">\n\t\t\t\t\t\t<div class=\"elementor-container elementor-column-gap-default\">\n\t\t\t\t\t<div class=\"elementor-column elementor-col-50 elementor-top-column elementor-element elementor-element-6df047e\" data-id=\"6df047e\" data-element_type=\"column\" data-e-type=\"column\">\n\t\t\t<div class=\"elementor-widget-wrap elementor-element-populated\">\n\t\t\t\t\t\t<div class=\"elementor-element elementor-element-6544537a elementor-widget elementor-widget-image\" data-id=\"6544537a\" data-element_type=\"widget\" data-e-type=\"widget\" data-widget_type=\"image.default\">\n\t\t\t\t<div class=\"elementor-widget-container\">\n\t\t\t\t\t\t\t\t\t\t\t\t\t\t\t<img fetchpriority=\"high\" decoding=\"async\" width=\"800\" height=\"941\" src=\"https:\/\/ktvworkingdrone.com\/fi-staging\/wp-content\/uploads\/sites\/294\/2024\/09\/dronebuiding-871x1024.jpg\" class=\"attachment-large size-large wp-image-3755\" alt=\"\" srcset=\"https:\/\/ktvworkingdrone.com\/fi-staging\/wp-content\/uploads\/sites\/294\/2024\/09\/dronebuiding-871x1024.jpg 871w, https:\/\/ktvworkingdrone.com\/fi-staging\/wp-content\/uploads\/sites\/294\/2024\/09\/dronebuiding-255x300.jpg 255w, https:\/\/ktvworkingdrone.com\/fi-staging\/wp-content\/uploads\/sites\/294\/2024\/09\/dronebuiding-768x903.jpg 768w, https:\/\/ktvworkingdrone.com\/fi-staging\/wp-content\/uploads\/sites\/294\/2024\/09\/dronebuiding.jpg 1129w\" sizes=\"(max-width: 800px) 100vw, 800px\" \/>\t\t\t\t\t\t\t\t\t\t\t\t\t\t\t<\/div>\n\t\t\t\t<\/div>\n\t\t\t\t\t<\/div>\n\t\t<\/div>\n\t\t\t\t<div class=\"elementor-column elementor-col-50 elementor-top-column elementor-element elementor-element-74a11a77\" data-id=\"74a11a77\" data-element_type=\"column\" data-e-type=\"column\">\n\t\t\t<div class=\"elementor-widget-wrap elementor-element-populated\">\n\t\t\t\t\t\t<div class=\"elementor-element elementor-element-365a1b30 elementor-widget elementor-widget-heading\" data-id=\"365a1b30\" data-element_type=\"widget\" data-e-type=\"widget\" data-widget_type=\"heading.default\">\n\t\t\t\t<div class=\"elementor-widget-container\">\n\t\t\t\t\t<h2 class=\"elementor-heading-title elementor-size-default\">KTV Working Drone<\/h2>\t\t\t\t<\/div>\n\t\t\t\t<\/div>\n\t\t\t\t<div class=\"elementor-element elementor-element-75d2e73a elementor-widget elementor-widget-heading\" data-id=\"75d2e73a\" data-element_type=\"widget\" data-e-type=\"widget\" data-widget_type=\"heading.default\">\n\t\t\t\t<div class=\"elementor-widget-container\">\n\t\t\t\t\t<h2 class=\"elementor-heading-title elementor-size-default\">Turvallisuuslausunto <\/h2>\t\t\t\t<\/div>\n\t\t\t\t<\/div>\n\t\t\t\t<div class=\"elementor-element elementor-element-1fade9 elementor-widget elementor-widget-text-editor\" data-id=\"1fade9\" data-element_type=\"widget\" data-e-type=\"widget\" data-widget_type=\"text-editor.default\">\n\t\t\t\t<div class=\"elementor-widget-container\">\n\t\t\t\t\t\t\t\t\t<p><strong>KTV Working Drone -yhti\u00f6ss\u00e4 turvallisuus on etusijalla. Olemme t\u00e4ysin sitoutuneet pit\u00e4m\u00e4\u00e4n yll\u00e4 turvallista ymp\u00e4rist\u00f6\u00e4 kaikille tiimimme j\u00e4senille, kumppaneillemme ja franchising-yritt\u00e4jillemme. Olemme kehitt\u00e4neet yksityiskohtaisen turvallisuuspolitiikan, jota on noudatettava tiukasti, jotta varmistetaan, ett\u00e4 kaikki toimintaamme osallistuvat pysyv\u00e4t turvassa. Ty\u00f6skentelemme jatkossakin v\u00e4sym\u00e4tt\u00e4 t\u00e4m\u00e4n turvallisuuden takaamiseksi.<\/strong><strong>\u00a0<\/strong><\/p>\t\t\t\t\t\t\t\t<\/div>\n\t\t\t\t<\/div>\n\t\t\t\t<div class=\"elementor-element elementor-element-32c2d720 elementor-widget elementor-widget-text-editor\" data-id=\"32c2d720\" data-element_type=\"widget\" data-e-type=\"widget\" data-widget_type=\"text-editor.default\">\n\t\t\t\t<div class=\"elementor-widget-container\">\n\t\t\t\t\t\t\t\t\t<p>KTV Working Drone toteuttaa tarvittavat turvallisuusmenettelyt\/-varotoimet yhti\u00f6n maailmanlaajuisessa turvallisuuspolitiikassa esitettyjen turvallisuusstandardien mukaisesti, joihin kuuluvat muun muassa seuraavat:<\/p><ul><li aria-level=\"1\"><p>Ymp\u00e4rist\u00f6vaikutusten minimointi<\/p><\/li><li aria-level=\"1\"><p>Ei vahingoiteta tai h\u00e4irit\u00e4 ulkopuolisia henkil\u00f6it\u00e4.<\/p><\/li><li aria-level=\"1\"><p>Ei aiheuteta vahinkoa omaisuudelle, rakennuksille, ajoneuvoille tai muulle omaisuudelle.<\/p><\/li><li aria-level=\"1\"><p>Toimitaan aina maailmanlaajuisen yksityisyydensuojalain mukaisesti.<\/p><\/li><\/ul><p>KTV Working Drone toimii ilmailun vakiintuneen kulttuurin mukaisesti. Oppimalla, kehitt\u00e4m\u00e4ll\u00e4 ja mukauttamalla palveluitamme pyrimme br\u00e4ndin ja toimialan positiiviseen kasvuun.<\/p>\t\t\t\t\t\t\t\t<\/div>\n\t\t\t\t<\/div>\n\t\t\t\t\t<\/div>\n\t\t<\/div>\n\t\t\t\t\t<\/div>\n\t\t<\/section>\n\t\t\t\t<\/div>\n\t\t","protected":false},"excerpt":{"rendered":"<p>KTV Working Drone Turvallisuuslausunto KTV Working Drone -yhti\u00f6ss\u00e4 turvallisuus on etusijalla. Olemme t\u00e4ysin sitoutuneet pit\u00e4m\u00e4\u00e4n yll\u00e4 turvallista ymp\u00e4rist\u00f6\u00e4 kaikille tiimimme j\u00e4senille, kumppaneillemme ja franchising-yritt\u00e4jillemme. Olemme kehitt\u00e4neet yksityiskohtaisen turvallisuuspolitiikan, jota on noudatettava tiukasti, jotta varmistetaan, ett\u00e4 kaikki toimintaamme osallistuvat pysyv\u00e4t turvassa. Ty\u00f6skentelemme jatkossakin v\u00e4sym\u00e4tt\u00e4 t\u00e4m\u00e4n turvallisuuden takaamiseksi.\u00a0 KTV Working Drone toteuttaa tarvittavat turvallisuusmenettelyt\/-varotoimet yhti\u00f6n maailmanlaajuisessa turvallisuuspolitiikassa [&hellip;]<\/p>\n","protected":false},"author":2,"featured_media":0,"parent":0,"menu_order":0,"comment_status":"closed","ping_status":"closed","template":"","meta":{"_seopress_robots_primary_cat":"","_seopress_titles_title":"","_seopress_titles_desc":"","_seopress_robots_index":"","footnotes":""},"class_list":["post-5055","page","type-page","status-publish","hentry"],"_links":{"self":[{"href":"https:\/\/ktvworkingdrone.com\/fi-staging\/wp-json\/wp\/v2\/pages\/5055","targetHints":{"allow":["GET"]}}],"collection":[{"href":"https:\/\/ktvworkingdrone.com\/fi-staging\/wp-json\/wp\/v2\/pages"}],"about":[{"href":"https:\/\/ktvworkingdrone.com\/fi-staging\/wp-json\/wp\/v2\/types\/page"}],"author":[{"embeddable":true,"href":"https:\/\/ktvworkingdrone.com\/fi-staging\/wp-json\/wp\/v2\/users\/2"}],"replies":[{"embeddable":true,"href":"https:\/\/ktvworkingdrone.com\/fi-staging\/wp-json\/wp\/v2\/comments?post=5055"}],"version-history":[{"count":10,"href":"https:\/\/ktvworkingdrone.com\/fi-staging\/wp-json\/wp\/v2\/pages\/5055\/revisions"}],"predecessor-version":[{"id":5406,"href":"https:\/\/ktvworkingdrone.com\/fi-staging\/wp-json\/wp\/v2\/pages\/5055\/revisions\/5406"}],"wp:attachment":[{"href":"https:\/\/ktvworkingdrone.com\/fi-staging\/wp-json\/wp\/v2\/media?parent=5055"}],"curies":[{"name":"wp","href":"https:\/\/api.w.org\/{rel}","templated":true}]}}